{"id":165,"date":"2021-07-28T10:00:12","date_gmt":"2021-07-28T10:00:12","guid":{"rendered":"https:\/\/ihahatherapy.com\/?page_id=165"},"modified":"2021-09-09T08:11:50","modified_gmt":"2021-09-09T08:11:50","slug":"jazda-konna","status":"publish","type":"page","link":"https:\/\/ihahatherapy.com\/index.php\/jazda-konna\/","title":{"rendered":""},"content":{"rendered":"\n<p><\/p>\n\n\n\n<h3 class=\"wp-block-heading\">jazda konna<meta charset=\"utf-8\"><\/h3>\n\n\n\n<p>Jazdy konnej mo\u017ce spr\u00f3bowa\u0107 ka\u017cdy kto nie ma przeciwskaza\u0144 zdrowotnych.  <meta charset=\"utf-8\">Dzieci do 8 roku \u017cycia rozwijaj\u0105 g\u0142ownie w\u0142asn\u0105 r\u00f3wnowag\u0119 na koniu poprzez gimnastyk\u0119 w trakcie jazdy na lon\u017cy. <meta charset=\"utf-8\">Starsi uczniowie, kt\u00f3rzy potrafi\u0105 utrzyma\u0107 r\u00f3wnowag\u0119 oraz w spos\u00f3b \u015bwiadomy kontrolowa\u0107 swoje cia\u0142o przechodz\u0105 do etapu powodowania koniem i samodzielnej jazdy. <\/p>\n\n\n\n<p><meta charset=\"utf-8\">W naszej ofercie nie znajdziecie jazd grupowych. Oferujemy jedynie jazdy indywidualne.<\/p>\n\n\n\n<div class=\"wp-block-columns is-layout-flex wp-container-core-columns-is-layout-1 wp-block-columns-is-layout-flex\">\n<div class=\"wp-block-column is-layout-flow wp-block-column-is-layout-flow\">\n<figure class=\"wp-block-image size-large\"><img loading=\"lazy\" decoding=\"async\" width=\"1024\" height=\"704\" src=\"https:\/\/ihahatherapy.com\/wp-content\/uploads\/2021\/09\/IMG_6853-1024x704.jpg\" alt=\"\" class=\"wp-image-229\" srcset=\"https:\/\/ihahatherapy.com\/wp-content\/uploads\/2021\/09\/IMG_6853-1024x704.jpg 1024w, https:\/\/ihahatherapy.com\/wp-content\/uploads\/2021\/09\/IMG_6853-300x206.jpg 300w, https:\/\/ihahatherapy.com\/wp-content\/uploads\/2021\/09\/IMG_6853-768x528.jpg 768w, https:\/\/ihahatherapy.com\/wp-content\/uploads\/2021\/09\/IMG_6853.jpg 1309w\" sizes=\"(max-width: 1024px) 100vw, 1024px\" \/><\/figure>\n<\/div>\n\n\n\n<div class=\"wp-block-column is-layout-flow wp-block-column-is-layout-flow\">\n<figure class=\"wp-block-image size-large\"><img loading=\"lazy\" decoding=\"async\" width=\"1024\" height=\"682\" src=\"https:\/\/ihahatherapy.com\/wp-content\/uploads\/2021\/09\/IMG_6986-1024x682.jpg\" alt=\"\" class=\"wp-image-230\" srcset=\"https:\/\/ihahatherapy.com\/wp-content\/uploads\/2021\/09\/IMG_6986-1024x682.jpg 1024w, https:\/\/ihahatherapy.com\/wp-content\/uploads\/2021\/09\/IMG_6986-300x200.jpg 300w, https:\/\/ihahatherapy.com\/wp-content\/uploads\/2021\/09\/IMG_6986-768x512.jpg 768w, https:\/\/ihahatherapy.com\/wp-content\/uploads\/2021\/09\/IMG_6986-1536x1024.jpg 1536w, https:\/\/ihahatherapy.com\/wp-content\/uploads\/2021\/09\/IMG_6986-2048x1365.jpg 2048w, https:\/\/ihahatherapy.com\/wp-content\/uploads\/2021\/09\/IMG_6986-930x620.jpg 930w\" sizes=\"(max-width: 1024px) 100vw, 1024px\" \/><\/figure>\n<\/div>\n<\/div>\n\n\n\n<p><\/p>\n","protected":false},"excerpt":{"rendered":"<p>jazda konna Jazdy konnej mo\u017ce spr\u00f3bowa\u0107 ka\u017cdy kto nie ma przeciwskaza\u0144 zdrowotnych. Dzieci do 8 roku \u017cycia rozwijaj\u0105 g\u0142ownie w\u0142asn\u0105 r\u00f3wnowag\u0119 na koniu poprzez gimnastyk\u0119 w trakcie jazdy na lon\u017cy. Starsi uczniowie, kt\u00f3rzy potrafi\u0105 utrzyma\u0107 r\u00f3wnowag\u0119 oraz w spos\u00f3b \u015bwiadomy kontrolowa\u0107 swoje cia\u0142o przechodz\u0105 do etapu powodowania koniem i samodzielnej jazdy. W naszej ofercie nie&hellip;&nbsp;<a href=\"https:\/\/ihahatherapy.com\/index.php\/jazda-konna\/\" rel=\"bookmark\">Czytaj dalej &raquo;<span class=\"screen-reader-text\"><\/span><\/a><\/p>\n","protected":false},"author":1,"featured_media":0,"parent":0,"menu_order":0,"comment_status":"closed","ping_status":"closed","template":"","meta":{"_coblocks_attr":"","_coblocks_dimensions":"","_coblocks_responsive_height":"","_coblocks_accordion_ie_support":"","neve_meta_sidebar":"","neve_meta_container":"","neve_meta_enable_content_width":"","neve_meta_content_width":0,"neve_meta_title_alignment":"","neve_meta_author_avatar":"","neve_post_elements_order":"","neve_meta_disable_header":"","neve_meta_disable_footer":"","neve_meta_disable_title":"","footnotes":""},"class_list":["post-165","page","type-page","status-publish","hentry"],"_links":{"self":[{"href":"https:\/\/ihahatherapy.com\/index.php\/wp-json\/wp\/v2\/pages\/165"}],"collection":[{"href":"https:\/\/ihahatherapy.com\/index.php\/wp-json\/wp\/v2\/pages"}],"about":[{"href":"https:\/\/ihahatherapy.com\/index.php\/wp-json\/wp\/v2\/types\/page"}],"author":[{"embeddable":true,"href":"https:\/\/ihahatherapy.com\/index.php\/wp-json\/wp\/v2\/users\/1"}],"replies":[{"embeddable":true,"href":"https:\/\/ihahatherapy.com\/index.php\/wp-json\/wp\/v2\/comments?post=165"}],"version-history":[{"count":5,"href":"https:\/\/ihahatherapy.com\/index.php\/wp-json\/wp\/v2\/pages\/165\/revisions"}],"predecessor-version":[{"id":271,"href":"https:\/\/ihahatherapy.com\/index.php\/wp-json\/wp\/v2\/pages\/165\/revisions\/271"}],"wp:attachment":[{"href":"https:\/\/ihahatherapy.com\/index.php\/wp-json\/wp\/v2\/media?parent=165"}],"curies":[{"name":"wp","href":"https:\/\/api.w.org\/{rel}","templated":true}]}}